 remainder when u is divided by 25?
17
Let w = 5 + 11. Calculate the remainder when (-26)/(-182) + 390/14 is divided by w.
12
Let p = 1046 + -926. Let i = 131 + -90. Calculate the remainder when p is divided by i.
38
Suppose -3*h - 7 = v, 0 = -4*v - v - 2*h + 17. Let d = 925 - 638. Calculate the remainder when (-2)/(-6) + d/21 is divided by v.
4
Suppose -b = -4*n + 47, -6 = 2*b - 0. Calculate the remainder when 95 is divided by n.
7
Let h = 11 - 5. Let c(u) = u**3 + 41*u**2 + 310*u + 4. Calculate the remainder when h is divided by c(-31).
2
Let o = -1262 + 1594. Calculate the remainder when o is divided by 3.
2
Suppose v = 2*v - 2*t + 7, 4*v = 3*t - 3. Let r(z) = z**2 - z - 2. Let h = 37 - 12. What is the remainder when h is divided by r(v)?
1
Calculate the remainder when 32 is divided by ((-6)/40 + 8/(-32))*-35.
4
Suppose -3*r - 3 = -v - 8, -25 = 3*r + 5*v. Suppose -5*k + 4*n + 32 = 0, -2 = 2*k - 2*n - 14. Calculate the remainder when (r + (-28)/(-10))*5 is divided by k.
6
Let p(z) = -484*z**3 - z**2 - 3*z - 3. Calculate the remainder when p(-1) is divided by 97.
95
Suppose 6*l - 25*l + 1425 = 0. What is the remainder when l is divided by 7?
5
Let a be 3 + -16 + (-1 - -3). Calculate the remainder when (((-1508)/(-16))/(-13))/((-3)/12) is divided by (a - 0)*(3 + -4).
7
Suppose 2*i - 98 = -4*j, 4*j = -518*i + 514*i + 176. Suppose f + 20 = 6*f. Calculate the remainder when i is divided by (-1)/4 + 57/f.
11
Let l = 67 - 47. What is the remainder when 138 is divided by l?
18
Let h(w) = -49*w - 419. What is the remainder when 150 is divided by h(-9)?
18
Let y(c) = 2*c**2 - 52*c - 170. What is the remainder when -3*4*20/(-24) is divided by y(29)?
2
Let p(k) = 4*k + 6. Let f be p(-3). Let t = 6 - f. What is the remainder when 43 is divided by (33/(-9))/((-4)/t)?
10
Suppose -13*d - 470 = -1835. Let a = -5 + 23. Calculate the remainder when d is divided by a.
15
Let p = 14 + -8. Let a = 5 + p. Suppose 0 = 3*o - 4*t - 22, -3*t + 2*t + a = 2*o. Calculate the remainder when o is divided by 3.
0
Let a(n) = 2*n**2 - 4*n - 3. Suppose -2*r - 6 = -4*r. What is the remainder when 8 is divided by a(r)?
2
Suppose -4*r - 386 - 290 = -2*i, -5*r + 10 = 0. What is the remainder when i is divided by 49?
48
Suppose -z = z - 272. Suppose -5*k = -4 - z. Calculate the remainder when k is divided by 10.
8
Let v(d) = 62*d + 576. Calculate the remainder when v(-9) is divided by 5.
3
What is the remainder when 1 - (2 + -51 + 0) is divided by (-6)/(-69) - (-2384)/92?
24
Let o be (0 - -4)/(-1)*(-484)/(-176). Let p(r) = -r**2 - 14*r - 15. Calculate the remainder when 88 is divided by p(o).
16
Suppose -b + 3 = -8. Suppose -93 = -5*u + 122. Calculate the remainder when u is divided by b.
10
Calculate the remainder when 278 is divided by (-120)/(-28)*196/42.
18
Let f be 1/(-4) - 90/24. Let p be (2 - (-8)/f)/(-2). Suppose p = x - 6*x + 345. Calculate the remainder when x is divided by 18.
15
Let k(l) = -l**3 + 12*l**2 + l + 11. Suppose -22*v = 136 - 2138. Calculate the remainder when v is divided by k(12).
22
Let w = -11 - -23. Suppose 0 = y - 2*y - 5*y + 330. What is the remainder when y is divided by w?
7
Let r = -17 - -22. Suppose 0 = -2*n - r*b + 94, -131 = -5*n - 4*b + 104. Let i(x) = 2*x + 4. Calculate the remainder when n is divided by i(6).
15
Let m(g) be the third derivative of -g**5/20 - g**4/8 - 2*g**3/3 + 6*g**2. Let u be m(-3). Let y = u - -33. What is the remainder when 43 is divided by y?
10
Let d(i) = i**3 + 19*i**2 + i - 109. Calculate the remainder when d(-11) is divided by 50.
48
Let z be ((-20)/30)/((-3)/828). Suppose -6*w - z = -514. What is the remainder when w is divided by 14?
13
Let n = 27 + -18. Suppose -185*d = -157*d - 728. What is the remainder when d is divided by n?
8
Suppose 40*o - 30*o - 350 = 0. Calculate the remainder when 66 is divided by o.
31
Calculate the remainder when 176 is divided by (-94)/235 - (-227)/5.
41
Let j(q) = -q**3 - 6*q**2 - 2*q + 11. Let p be j(-5). Calculate the remainder when 28 is divided by (-100)/15*6/p.
8
Let z = -135 + 274. What is the remainder when z is divided by 35?
34
Let h(p) = -p**3 + 22*p**2 + 26*p - 48. Suppose v = -2*v + 72. Suppose v = y - 16. Calculate the remainder when y is divided by h(23).
19
Suppose -5*c - 39 = -8*c. Suppose 3*z - c = 5. Suppose -85 + 1 = -z*b. Calculate the remainder when b is divided by 4.
2
Let g be 2/13 + 14/(-91). Suppose -5*u - z + 7 + 12 = g, 2*u - 12 = 4*z. Let p = 4 - -2. What is the remainder when p is divided by u?
2
Let c = 34 + -30. Suppose -5*y + c*d = -271, 3*y - 144 = 5*d + 16. What is the remainder when y is divided by 14?
13
Let j(f) = 12*f - 46. Calculate the remainder when j(28) is divided by 60.
50
Let w(j) = -j**3 + 3*j**2 - 3*j + 54. Calculate the remainder when 161 is divided by w(0).
53
Let i(u) = -u**3 - 34*u**2 + 35*u + 44. What is the remainder when 394 is divided by i(-35)?
42
Let f = -66 - -117. Calculate the remainder when f is divided by (0 + (-18)/(-7))*7.
15
Suppose -12*i - 359 + 515 = 0. Calculate the remainder when 84 is divided by i.
6
Let l(u) = -10*u - 1. Let z be l(-1). Suppose 0 = -5*c + 4*m - z, 4*c - 3*m = 5*c - 2. What is the remainder when 6777/72 - c/(-8) is divided by 24?
22
Suppose 4715 = 41*x + 1804. What is the remainder when 238 is divided by x?
25
Suppose 0 = g + 5*i - 1 - 9, 5*g = i + 76. Suppose 3 = -n, j - 22 = 14*n - g*n. Suppose 0 = l - 78 + 6. Calculate the remainder when l is divided by j.
22
Let j(l) = 1 + 1 - 12*l + 4*l. Let w be j(-4). Let t = -13 + w. Calculate the remainder when t is divided by 11.
10
What is the remainder when 109 is divided by -6 + 7/(7/3) - -19?
13
Suppose 0 = z - 0 - 4. Suppose 15 = k - z. Let r = 27 - 16. What is the remainder when k is divided by r?
8
Let o(v) = 9*v**2 - 4*v - 1. What is the remainder when o(-3) is divided by (-4)/3*6*(-114)/48?
16
Let p = -23 - -48. What is the remainder when p is divided by 20?
5
Suppose 2*q - 87 = -29. Let l(s) = 2*s**2 - 2*s - 1. Let i be 9*(-1 + (-16)/(-12)). Calculate the remainder when q is divided by l(i).
7
Let j(q) = 40*q + 26. What is the remainder when j(10) is divided by 13?
10
Let d = 110 + -107. What is the remainder when 9 is divided by d?
0
Let h(z) = -z**3 + 5*z**2 + z - 3. Let k be h(4). Suppose k*l - 64 = 13*l. What is the remainder when ((-30)/(-9))/((-2)/(-18)) is divided by l?
14
Suppose 13*q = 8*q - 10, -33 = -5*k - q. What is the remainder when k is divided by 2?
1
Let c(y) = 3*y**2 - y - 93. Calculate the remainder when c(20) is divided by 33.
31
Let k(y) = y + 13. Calculate the remainder when 4 + -3 + 8*13 is divided by k(14).
24
Let o = -285 + 101. Calculate the remainder when (o/(-6))/((-6)/(-18)) is divided by 24.
20
Suppose -12 = 2*j + 2. Suppose 4*a = 79 - 7. Calculate the remainder when 0/(4 + j) - -34 is divided by a.
16
Let l be 1*-3 - (-4 - 5). Let w = 1 + l. Suppose 25*y - 193 + 68 = 0. What is the remainder when w is divided by y?
2
Let u(r) = 7*r**2 - 22*r**2 + 6*r**2 + 2 + r**2 + r**3 + 9*r. Calculate the remainder when 47 is divided by u(7).
15
Suppose -54*q + 2256 = -6*q. Let y(u) = 17*u**2 - 1. What is the remainder when q is divided by y(-1)?
15
Let o(g) = g**2 + 5*g + 9. Suppose 9*t - 49 = 16*t. Calculate the remainder when 45 is divided by o(t).
22
Let q be ((-10)/(-20))/(1/6). Let v be (-3 + 0 + q)/(-4). Suppose 2*u + 4*d + 0*d = 166, v = u + 4*d - 77. Calculate the remainder when u is divided by 30.
29
Let t(c) = 64*c + 13. What is the remainder when t(2) is divided by 37?
30
Suppose 5*d - 1790 = 19*c - 21*c, 4*c = -4*d + 1432. Calculate the remainder when d is divided by 6.
4
Suppose 0 = 2*f - t + 5*t - 60, 0 = -4*f + 2*t + 150. Let p = f + -21. Let w(j) = 44*j**2 + 2*j + 1. What is the remainder when w(-1) is divided by p?
13
Suppose 0 = -k + 5*k - 12. Suppose -r - 5*w - 14 = 0, -k*w - 42 = -5*r - 0*w. What is the remainder when 27 is divided by r?
3
Let c be (-2)/(-7) + (2 - (-12)/7). Suppose 0 = -c*t - 3*t + 231. Calculate the remainder when 130 is divided by t.
31
Suppose 4 = 2*m + 4*h - 16, -5*h = -2*m + 20. Suppose -2*q + 16 = -0*q - 2*g, -3*q = 4*g + 4. Calculate the remainder when m is divided by q.
2
Let k = -2 + 10. Suppose 7*o = 9 + 5. Suppose -b - o*f = -4*b + 75, b - 5*f = 38. Calculate the remainder whe